.
1
Calculate -18 - (-2 - (7 + 4 + -5)).
-10
Calculate -5 + -2 + -3 - (-18 + 6).
2
Calculate (1 - (0 - -1)) + 2 - 10.
-8
What is (5 - 26) + (3 - (-15 - -10)) + -4?
-17
What is the value of (27 + -8 - 11) + 11 + -2?
17
(-5 - 17) + -2 + -4 + 19
-9
Evaluate (17 - 1) + -31 + -11.
-26
What is the value of 9 + (-13 - (-5 - (0 - -5)))?
6
(26 + -29 - (1 - 10)) + (11 - 3)
14
What is the value of -27 + -11 + 31 + -10?
-17
What is the value of 12 + -15 - -15 - 16?
-4
Calculate -1 - (5 + -1) - (5 - (-1 - -3)).
-8
What is -1 - ((6 - 6) + -1) - 4?
-4
-7 + 5 - -6 - (3 - 5 - -1)
5
What is the value of 12 - ((6 - 1 - (-54 + 62)) + -6)?
21
What is (22 - -8) + -79 + 15 + -1?
-35
-2 + (1 + -1 + 3 - (12 + -31))
20
What is the value of -14 + (10 - -12) + 2?
10
Evaluate 17 + (-5 - (-10 - -7) - 10).
5
What is -11 + (3 + 10 - -6) + -18 + -1?
-11
What is 6 + -4 + 5 + 2 + -16?
-7
Evaluate (-2 + -2 - 1) + -549 + 559 + -23.
-18
What is the value of (9 - (-1 + -7 - -8)) + 1?
10
Calculate 9 - (15 - -10) - -5 - -5.
-6
What is the value of (-12 - 3) + 3 + 5?
-7
Calculate 8 - (9 - 4 - 4 - 5 - -2).
10
What is (-8 - -11) + -1 - -19 - 7?
14
Evaluate 26 - 2 - (-169 + 211).
-18
Evaluate 16 + (-8 - (2 - 10)) - (-1 - 9).
26
What is the value of 25 - 21 - ((-13 - 1) + 8)?
10
What is the value of (164 - 163) + (0 - (1 + -10 + 1))?
9
What is the value of 13 + -29 - 15 - -14?
-17
What is the value of -9 - 0 - 7 - (-4 - 2)?
-10
What is -19 - (-14 + 24 + -54) - 0?
25
What is the value of -13 - (-15 - -15) - 8 - (-5 + 2)?
-18
What is the value of 26 - 23 - (-20 + 10 - -21)?
-8
Calculate -4 - (-11 + (6 - -1) + 6 + -1).
-5
Calculate -10 + 9 + 1 + (-2 - 4) + 1.
-5
What is (42 - (-6 - -15)) + -20?
13
2 + 0 - -12 - (-3 + 9 + -12)
20
What is the value of 12 - (2 - (-14 + 2) - 2)?
0
Evaluate 6 + 3 - (-15 - -6 - -18) - -1.
1
What is (1 - (3 + -9 + 2)) + 13 + -15?
3
What is -13 + 7 + 6 + -1?
-1
What is -10 + 5 + 1 - (0 - (-9 - -1))?
-12
Evaluate (3 + -20 - 0) + -2 - (-2 + -2).
-15
Evaluate -33 + (63 - (-1 - -42)).
-11
1 + -10 + 5 + 2 - -16
14
Calculate (-12 - -4) + (-6 - (-9 + 3 + -1)).
-7
2 - 6 - -4 - (11 + -5)
-6
What is the value of 10 - (16 + (-16 - 3)) - 10?
3
Calculate -4 + (3 + -1 - 8) + 1 + -1.
-10
-6 + (-1 + -1 - 4) + -2 + 9
-5
What is 0 + (21 - 2 - -1) + (-3653 - -3642)?
9
Calculate -2 + 4 + -60 + 62.
4
What is the value of 28 + 3 - (-5 - -27)?
9
Calculate 4 + (18 - 11) + -10 + -11.
-10
Calculate -7 + (11 + -7 - (3 - -5)).
-11
Calculate (-8 - 4) + 27 + -5.
10
Calculate (-11 - 6 - -11 - -11) + 0 + -25.
-20
5 + -2 + -3 + -5 - -9
4
(2 - 6 - -21) + (-2 - -19) + -11
23
What is the value of -32 - -7 - (-50 - -44)?
-19
What is the value of -1 + 3 + -10 + 18 + 5 + -4?
11
0 - 4 - -5 - (0 - 12)
13
What is the value of 2 + (8 - -4) - (-4 + 18 + -8)?
8
Evaluate (2 - -3) + (-78 - -83).
10
Calculate 6 - ((3 - (1 + (-9 - -7))) + 4).
-2
22 + -11 + 8 + -5
14
Calculate 4 + -2 + (14 - -9) + -25.
0
What is (17 - 1) + -6 + -7 + 5?
8
What is -4 + -1 + (-1 - -8 - 2) - -12?
12
Calculate -50 - -41 - (1 - -2 - (2 + 1)).
-9
What is the value of -1 - (-1 - 4) - -1?
5
23 - (-20 - -47) - (4 + -3 + 2)
-7
What is the value of -11 - 1 - ((1593 - 1589) + -1 + -5)?
-10
What is 0 + 6 + (14 - (-12 + 23)) + -1?
8
37 + -3 - 30 - (1 + 5 + -1)
-1
What is (-1 + -7 - (-47 + 37)) + 0?
2
Evaluate (83 + -76 - ((-2 - -9) + -1)) + 0.
1
What is the value of (-13 - -8) + 30 + -21?
4
What is the value of 32 + 4 + (3 - 8) + (15 - 23)?
23
Calculate -28 + (4 - 2 - -15) - (-6 + 0).
-5
What is 3 + -4 + 0 + 6?
5
1 - -4 - (-1 + 0 - -4)
2
Calculate -22 + 30 + -10 + 1 - -14.
13
What is the value of (-14 + 15 - (-28 + 9)) + 3?
23
What is -13 - 1 - (-45 + 21)?
10
What is 2 + (-16 - (2 - 11)) + -7?
-12
What is (-43 + 21 - -17) + -14?
-19
-9 + (26 - 5) + 6 + -16
2
What is the value of (-16 + 6 - -12) + 1 + (2 - 1)?
4
Calculate -7 + 4 + (0 - -2) + 13 + -15.
-3
What is the value of -5 + (-8 + -4 - -7)?
-10
Evaluate -5 - -2 - (-7 - (1 - 5)) - -14.
14
Calculate 5 + -8 + -10 + (1 - -4).
-8
Calculate -4 + (17 - (39 - 31)).
5
What is the value of -25 + (-14 - -49 - 11)?
-1
-1 + 5 - ((-15 - -16) + -3)
6
22 + 25 + -16 - (13 + -1)
19
-2 - 4 - -2 - ((28 - 4) + -30)
2
Evaluate -12 - -8 - (16 + -15).
-5
What is -19 - (26 + (-63 - -14))?
4
-6 + 1 + 15 - -4
14
What is the value of (25 - 10) + -25 - (-1 + 7)?
-16
What is -121 - -128 - (0 - -28) - -11?
-10
What is the value of -21 + (-25 + 37 - (5 - (1 - 0)))?
-13
Evaluate (-21 - -18) + -17 - -15.
-5
What is the value of 18 + (-1 - (-7 + 7 + 11))?
6
Evaluate 24 + -14 + -19 - (-3 + 1).
-7
Calculate 1 + 1 + 18 - (49 + -104 + 55).
20
Evaluate 1 - (-3 + 1) - (63 + -70).
10
Calculate (27 - 30) + (-1 - -10) - (20 + -2).
-12
What is the value of 4 + (31 - 66) - (-1 + -15)?
-15
-8 - (5 + 6 + -10 + 5 + 2)
-16
Evaluate -15 + (-12 - -11) + 5.
-11
-15 + (15 + 57 - 41)
16
What is the value of (1 - -4) + -17 - (42 + -34)?
-20
-14 + (4 - ((8 - -4) + -5))
-17
Calculate -28 + -34 + -16 + 60.
-18
Calculate 18 - 0 - (1 - 9 - (20 - 34)).
12
Evaluate 37 + -35 + 35 - 7.
30
Evaluate (-24 - (-2 - 14)) + (-9 + 3 - -10).
-4
Calculate (7 - 0) + ((15 - 5) + -6 - 10).
1
What is -20 + (2 + (-2 - -2) - 3)?
-21
Calculate 1 + -1 + (6 - (4 + -6)) + 1.
9
What is the value of (3 + -2 - 9) + (12 - 2)?
2
What is the value of -4 - -6 - (15 - 12) - 12?
-13
Evaluate -25 + (-20 - 9 - -19).
-35
Calculate (9 - -3) + -6 + -5 + 8 + -5.
4
What is -4 + 5 + 2 + 7 + (28 - 16)?
22
Evaluate -8 - -7 - (-2 + 11 + -2).
-8
What is ((-4 + 8 - 11) + 8 - -8) + 28?
37
-9 + (1 - 1) - -3 - 1
-7
What is the value of 0 - (5 + -4 + -12 + 11)?
0
Evaluate 26 + -15 + -15 - 9.
-13
What is 6 - -1 - (3 + 9 + 0)?
-5
What is (62 - 27) + -37 + 38?
36
What is the value of 1240 + -1261 + (2 + 0 + -4 - 2)?
-25
What is the value of (93 - 89) + -3 + -4?
-3
What is the value of 34 + -3 + -6 + 0 + 6?
31
What is the value of 23 + -42 + -1 + 8?
-12
Evaluate 18 - (-8 + 6 + -6 + 0 - -15).
11
Evaluate -24 - (59 - 30 - 63).
10
What is the value of (-4 - -7) + 1 + 5?
9
-19 + -6 + (43 - 26)
-8
3 + (-17 - -5) + -3
-12
What is 14 - 9 - (6 + 1 + (-1 - 1))?
0
What is the value of 0 + -9 + (112 - 120) - -7?
-10
2 + (2 - (-10 - (-1 + -1 + -5)))
7
What is -4 - 12 - -7 - 4?
-13
-27 - (27 - 77) - 46
-23
Calculate 25 - (16 + (-19 - 3)) - 17.
14
What is (-3 + -1 - -16) + -10 - 15?
-13
What is the value of -14 + (-3 - -19) + -13?
-11
Evaluate -1 + 4 + (25 - (29 + -14)).
13
What is the value of -35 + 10 - -6 - -21 - 40?
-38
4 + 16 + 1 + -1
20
(29 - 58) + 50 + -9
12
What is 3 + (-4 + -25 - -13) - -19?
6
What is (-8 - -13) + -12 - (-2 + 0) - -6?
1
Evaluate -1 + -3 - (-17 + 15).
-2
What is 3 + 5 - (4 - 5 - -2)?
7
Calculate 11 + (-3 + 3 + 0 - (67 + -67)).
11
Calculate -4 + 0 + -4 + -1 - 0.
-9
What is -1 + 4 + 3 + (7 - -6 - 33)?
-14
What is 5 + (-22 - (11 + -17 + -9))?
-2
What is the value of -3 + 20 + (-6 - -11) + (-12 - -7)?
17
Calculate -14 + 21 - 13 - (-6 - (-6 - -3)).
-3
Evaluate 10 + (0 - (3 - -2 - -5)).
0
What is (26 + -26 - (-8 + 0)) + 2 + -3?
7
Evaluate (3 - 30) + (0 - (-6 - 1)).
-20
Calculate 14 + (2 + 31 - 55).
-8
Evaluate 30 + (12 - 25) - 4.
13
(-2 - 0 - (-1 + 3)) + (227 - 231)
-8
Evaluate 2 - -3 - (23 - (15 + -7 - 3)).
-13
Calculate -7 + (9 - 17 - -16) - (-4 + -1).
6
What is (17 - 12) + 15 + -22?
-2
What is -7 + 12 + -3 - (10 - -9)?
-17
What is -1 + -14 + (24 - 10) + -2?
-3
What is the value of (0 + -6 - -2) + 7?
3
Calculate (20 - (-19 - -36)) + -22.
-19
(-17 - -22) + 12 + -18
-1
What is the value of 16 + -10 + 14 - (6 + -2)?
16
What is -10 - 4 - (20 - (40 + -9))?
-3
Evaluate 8 - 14 - (45 - 66).
15
Evaluate -1 + -5 + 17 + (-4 - 7) - -2.
2
What is the value of -11 - 5 - (151 - 161)?
-6
Evaluate 9 + 0 + -98 + 92 + 16.
19
What is -4 + -7 + (2 - (4 + -4))?
-9
16 + 1 + -964 + 921
-26
Evaluate 1 - (0 - -10) - (1939 + -1961).
13
401 - 388 - (0 + 28)
-15
2 - (3 + (22 + -7 - 7))
-9
3 + 0 + -1 + 14
16
What is 13 + (23 - 47) - -4?
-7
-1 + -4 - (-4 + -14) - 2
11
What is 9 + -3 + -5 + (-9 - (2 - -2))?
-12
What is 17 + 1 + -11 - ((-3 - 3) + 3)?
10
What is the value of -13 + (9 - 0) + 1 - 2?
-5
Evaluate 15 + -8 - 16 - -34.
25
Evaluate -4 - (-11 + (-14 - -24)) - -6.
3
Evaluate 2 + -3 + (-1 + 0 - (2 - -6)).
-10
(0 - (1 - (6 - (0 - -1)))) + -5
-1
What is (9 - (16 + -3 - 8)) + 1 + 2?
7
Calculate 4 - ((-2 - -1 - 5) + (-263 - 